factors of 139381028?
2, 17, 2049721
What are the prime factors of 3735153011?
17, 23, 9552821
List the prime factors of 124690212.
2, 3, 1154539
List the prime factors of 2217629262.
2, 3, 37, 9989321
List the prime factors of 606629586.
2, 3, 197, 317, 1619
List the prime factors of 14305679.
41, 348919
What are the prime factors of 661907940?
2, 3, 5, 19, 30559
What are the prime factors of 1539205478?
2, 14249, 54011
What are the prime factors of 368114856?
2, 3, 15338119
What are the prime factors of 42396159?
3, 13, 61, 71, 251
What are the prime factors of 10730378?
2, 5365189
What are the prime factors of 167120211?
3, 55706737
What are the prime factors of 159277203?
3, 43, 411569
List the prime factors of 2145043477.
2145043477
List the prime factors of 72421361.
113, 431, 1487
List the prime factors of 1368515561.
7, 59, 379, 1249
List the prime factors of 1273714.
2, 13, 48989
What are the prime factors of 27102547?
89, 304523
List the prime factors of 1566933427.
10973, 142799
What are the prime factors of 1065314524?
2, 211, 1262221
What are the prime factors of 172693407?
3, 23, 2502803
List the prime factors of 7422578681.
7, 29, 113, 323579
What are the prime factors of 665656323?
3, 67, 3311723
What are the prime factors of 13961308?
2, 727, 4801
List the prime factors of 634284118.
2, 13, 31, 37, 21269
List the prime factors of 38862710.
2, 5, 59, 199, 331
What are the prime factors of 7147583791?
7147583791
What are the prime factors of 475597150?
2, 5, 7, 151, 8999
What are the prime factors of 132923570?
2, 5, 13, 78653
List the prime factors of 971992342.
2, 485996171
What are the prime factors of 137397382?
2, 68698691
List the prime factors of 1788418221.
3, 347, 1717981
What are the prime factors of 2819740618?
2, 35081, 40189
What are the prime factors of 5575697070?
2, 3, 5, 61, 3046829
What are the prime factors of 1845001893?
3, 7, 87857233
List the prime factors of 132761437.
31, 61, 70207
List the prime factors of 84085581.
3, 28028527
List the prime factors of 971774211.
3, 337, 961201
List the prime factors of 2121158533.
13, 37, 137, 32189
List the prime factors of 670658275.
5, 7, 47, 67, 1217
List the prime factors of 85340914.
2, 283, 150779
List the prime factors of 1586001757.
17, 31, 3009491
What are the prime factors of 1263023955?
3, 5, 19, 23, 79, 271
List the prime factors of 1765387122.
2, 3, 29, 127, 79889
What are the prime factors of 253026642?
2, 3, 11, 3833737
What are the prime factors of 65541861?
3, 7, 11, 59, 229
What are the prime factors of 47593941?
3, 1709, 9283
List the prime factors of 806010158.
2, 2801, 143879
List the prime factors of 964811347.
47, 20527901
What are the prime factors of 87459415?
5, 3533, 4951
What are the prime factors of 97477870?
2, 5, 7, 1392541
List the prime factors of 476033498.
2, 367, 773, 839
List the prime factors of 3784331609.
3784331609
What are the prime factors of 581977098?
2, 3, 32332061
List the prime factors of 185526066.
2, 3, 11, 17, 37, 41, 109
What are the prime factors of 897166050?
2, 3, 5, 11, 103, 5279
What are the prime factors of 49149910?
2, 5, 4914991
What are the prime factors of 6500880111?
3, 11, 6709, 29363
What are the prime factors of 784569206?
2, 392284603
List the prime factors of 58197128.
2, 11, 59, 1019
What are the prime factors of 25108958?
2, 7, 1793497
What are the prime factors of 221113020?
2, 3, 5, 149, 24733
What are the prime factors of 14418373?
43, 547, 613
What are the prime factors of 135164446?
2, 67582223
What are the prime factors of 44125473?
3, 7, 2101213
List the prime factors of 3710227984.
2, 29, 37, 216113
What are the prime factors of 1446461259?
3, 131, 3680563
What are the prime factors of 767707652?
2, 191926913
List the prime factors of 1306405751.
7, 31, 71, 84793
What are the prime factors of 2745733548?
2, 3, 19, 12042691
What are the prime factors of 9894661?
7, 1413523
List the prime factors of 1359644436.
2, 3, 2111, 17891
List the prime factors of 597688632.
2, 3, 53, 5801
List the prime factors of 159752079.
3, 17750231
List the prime factors of 90481939.
17, 79, 89, 757
List the prime factors of 1646759478.
2, 3, 7, 13, 3016043
What are the prime factors of 674175323?
674175323
List the prime factors of 1905064299.
3, 4483, 15739
List the prime factors of 20939219.
7, 101, 4231
What are the prime factors of 1208790662?
2, 604395331
List the prime factors of 325701830.
2, 5, 59, 263, 2099
List the prime factors of 148379039.
2917, 50867
List the prime factors of 3152848148.
2, 251, 373, 8419
What are the prime factors of 119459431?
7, 13, 227, 5783
List the prime factors of 83246291.
83246291
List the prime factors of 226194838.
2, 29, 37, 109, 967
What are the prime factors of 86080097?
86080097
List the prime factors of 24530025.
3, 5, 13, 139, 181
List the prime factors of 1192583489.
61, 461, 42409
What are the prime factors of 30043409?
11, 131, 20849
What are the prime factors of 15463840?
2, 5, 7, 13807
What are the prime factors of 4687502424?
2, 3, 11, 17755691
List the prime factors of 226402745.
5, 659, 68711
List the prime factors of 47525970.
2, 3, 5, 41, 38639
List the prime factors of 48944651.
7, 1523, 4591
List the prime factors of 1889481415.
5, 7213, 52391
List the prime factors of 116725004.
2, 11, 2652841
List the prime factors of 4605209520.
2, 3, 5, 19188373
What are the prime factors of 11185959?
3, 131, 28463
What are the prime factors of 5972628145?
5, 11, 587, 184997
What are the prime factors of 128125220?
2, 5, 73, 127, 691
What are the prime factors of 84151686?
2, 3, 157, 569
What are the prime factors of 33876799?
11, 227, 13567
What are the prime factors of 785438625?
3, 5, 19, 110237
What are the prime factors of 85779482?
2, 42889741
What are the prime factors of 60563790?
2, 3, 5, 7, 251, 383
What are the prime factors of 178838961?
3, 7, 23, 479, 773
What are the prime factors of 153554356?
2, 53, 724313
What are the prime factors of 515898402?
2, 3, 85983067
List the prime factors of 542668024.
2, 131, 251, 2063
List the prime factors of 356127728.
2, 11, 2023453
List the prime factors of 2020870357.
11, 613, 299699
What are the prime factors of 233461234?
2, 661, 176597
What are the prime factors of 636481976?
2, 13, 269, 22751
List the prime factors of 615011554.
2, 227, 1354651
List the prime factors of 2027727948.
2, 3, 5801, 29129
What are the prime factors of 2174775842?
2, 1087387921
What are the prime factors of 1246504017?
3, 11, 31, 41, 113, 263
What are the prime factors of 2269754301?
3, 41, 18453287
What are the prime factors of 382735685?
5, 173, 442469
List the prime factors of 897828073.
61, 67, 219679
List the prime factors of 192572237.
11, 13, 89, 15131
List the prime factors of 291277080.
2, 3, 5, 269701
What are the prime factors of 409133480?
2, 5, 7, 293, 4987
List the prime factors of 2255499063.
3, 19, 317, 41609
What are the prime factors of 1580867318?
2, 3677, 214967
List the prime factors of 1915541901.
3, 7, 13, 29, 80651
What are the prime factors of 2074869932?
2, 137, 3786259
What are the prime factors of 101500079?
101500079
List the prime factors of 151908565.
5, 30381713
List the prime factors of 23840218.
2, 383, 31123
What are the prime factors of 1009743642?
2, 3, 809, 69341
What are the prime factors of 1687573?
17, 53, 1873
What are the prime factors of 303182718?
2, 3, 229, 263, 839
List the prime factors of 20610295.
5, 37, 3011
List the prime factors of 511247729.
511247729
List the prime factors of 41876051.
7, 5982293
What are the prime factors of 409132406?
2, 29, 7054007
List the prime factors of 1340555101.
1229, 1090769
List the prime factors of 5456826.
2, 3, 303157
What are the prime factors of 153901045?
5, 19, 701, 2311
What are the prime factors of 548131570?
2, 5, 7, 19, 109, 199
List the prime factors of 3986436665.
5, 227, 3512279
List the prime factors of 69705753.
3, 13, 457, 3911
List the prime factors of 7052779975.
5, 37, 251, 821
List the prime factors of 34422038.
2, 7, 79, 31123
What are the prime factors of 1943981572?
2, 13, 1823, 20507
List the prime factors of 81347098.
2, 7, 5810507
List the prime factors of 50536005.
3, 5, 13, 259159
List the prime factors of 801481867.
61